/(-4)*(-102)/3. Let k be (-134)/(-8) + (-3)/(-12). Suppose -k = o - 2*o. What is the greatest common divisor of o and m?
17
Let t(u) = 21*u + 1. Let w be t(-4). Let g = 157 + -339. Let p = w - g. Calculate the greatest common factor of 11 and p.
11
Let v = 4 + -2. Suppose 3*y - 25 = -v*y. What is the greatest common divisor of 45 and y?
5
Let s(q) = -3*q - 3. Let v be s(-3). Suppose 4*m - 3*m - 54 = 0. Calculate the highest common divisor of m and v.
6
Let d = 10 - 6. Let h be (1 + d/6)*12. Suppose h = -4*w + 96. What is the highest common factor of 152 and w?
19
Let t be 4/6*(-27)/(-2). What is the greatest common divisor of 45 and t?
9
Let t(s) = 13*s + 3. Let c(x) = 27*x + 7. Let y(d) = 2*c(d) - 5*t(d). Let k be y(-1). What is the greatest common divisor of 4 and k?
2
Suppose 5*g - 2*n - 152 = 484, 5*g = -3*n + 621. Calculate the greatest common factor of 18 and g.
18
Suppose -5*w - 38 = -s, -4*s + 0*w + 184 = -4*w. Suppose 0 = v - 3*x - 12, -7*v + 5*x + s = -3*v. What is the greatest common factor of v and 6?
6
Suppose -317 + 1661 = 12*j. Calculate the greatest common divisor of j and 14.
14
Suppose -2*o + 3*o - 111 = -3*y, 2*o - 232 = -y. Calculate the greatest common factor of o and 13.
13
Suppose -q + 8 = -36. Let f = q + -8. Calculate the highest common divisor of f and 4.
4
Let f(r) = 26*r - 48. Let l be f(8). What is the highest common factor of 20 and l?
20
Suppose -14 = -3*g + 13. Suppose -3*b + 45 = 2*b. What is the highest common divisor of b and g?
9
Let p = 4 + 116. What is the greatest common divisor of p and 15?
15
Let d(u) = 7*u - 11. Let k be d(5). Calculate the highest common divisor of k and 3.
3
Suppose i = 4*d - 4*i - 444, -i = -5*d + 534. Let z = -40 + d. What is the greatest common divisor of z and 11?
11
Suppose -4*s + 47 = -5*y - 5, -4*y = -2*s + 26. Let p = -191 + 295. Calculate the highest common factor of s and p.
13
Suppose -2*v = -800 + 212. Calculate the highest common divisor of v and 42.
42
Suppose -10 - 50 = -5*m. Let z = 0 - 2. Let j = 1 - z. What is the greatest common divisor of m and j?
3
Let h be -6 + (-1)/1 - -2. Let f = 9 + h. Let p(i) = -i**3 + 34*i**2 - 32*i + 11. Let m be p(33). What is the greatest common factor of f and m?
4
Suppose 0 = -61*g + 57*g + 52. What is the highest common factor of g and 143?
13
Let h(t) = t + 3*t**2 - 7*t**2 + 0*t**2. Let c be h(1). Let q be 2/4*-2 - c. What is the greatest common factor of 14 and q?
2
Let o be (-63)/(2*(-3)/12). What is the highest common divisor of o and 14?
14
Let c(a) = 4*a**2 - 5*a + 4. Let k be c(4). Calculate the highest common divisor of k and 60.
12
Let a = 228 - -177. Suppose 3*c - 3*p = a, 2*c - c - 5*p - 147 = 0. Suppose -2*g + g + 12 = 0. Calculate the highest common factor of c and g.
12
Let a be 1 + 1 + 1 + -2. Let p = 5 + a. Let y be (-4)/(-14) - (-103)/7. Calculate the highest common divisor of y and p.
3
Let m be (-16)/(-88) - (-568)/22. Calculate the greatest common divisor of m and 65.
13
Let z = 1 + 11. What is the greatest common divisor of z and 6?
6
Suppose 0 = -0*v - v + 60. What is the greatest common divisor of 12 and v?
12
Let i = 60 - 34. What is the highest common factor of i and 13?
13
Let z(i) = 2*i**3 + i**2 + i - 1. Let k be z(2). Suppose -5*h + 735 = -5*q, -3*h + 2*h + 147 = q. What is the greatest common factor of k and h?
21
Let f(g) = g**2 - 5*g + 31. Let r be f(7). What is the highest common divisor of r and 18?
9
Suppose 0 = 3*l + 9, 0 = -3*y - 0*l + 2*l + 66. Let m be y/(-8)*(-2)/1. What is the greatest common factor of 5 and m?
5
Let b = -15 - -44. What is the highest common divisor of 261 and b?
29
Suppose -21*c - c = -4290. Calculate the greatest common factor of c and 65.
65
Let o(p) = 3*p + 2 - 4*p + 2 - p. Let x be o(-8). Suppose -y + 5 = -0*y. What is the greatest common divisor of x and y?
5
Let k(j) = 2*j - 10. Let h be k(10). What is the highest common factor of h and 10?
10
Let i be (-6567)/(-27) + (-2)/9. Suppose 0 = -3*u - 27 + i. Calculate the greatest common factor of 8 and u.
8
Let j be (16 - 15)/((-3)/4 + 1). What is the highest common factor of 64 and j?
4
Let z be (-32)/(-8)*(-38)/(-8). What is the greatest common factor of z and 152?
19
Let k be (-8)/(-2) + 6/6. Let u = 11 - k. Let w = 17 - -7. Calculate the greatest common divisor of w and u.
6
Let g be ((-3)/((-18)/56))/((-26)/(-195)). Let v = -36 - -50. What is the highest common divisor of g and v?
14
Let n(z) = -z - 2. Let j be n(-4). What is the greatest common divisor of j and 2?
2
Suppose 3*w = 5 - 2. Let t be w*3 + (-3 - -10). Suppose 0*f + 90 = 3*f. Calculate the greatest common factor of f and t.
10
Let j be (6/(-4))/((-2)/4). Suppose j*c - 39 = -3*r, c - 4*c + r = -39. Let h = 26 - 13. Calculate the highest common divisor of c and h.
13
Let m = 196 - 168. Calculate the greatest common factor of 7 and m.
7
Let x(q) = -3*q**2 + 39*q - 6. Let l be x(12). Suppose -o + 32 = 3*d, 3*o - 5*d - 12 - 28 = 0. What is the greatest common divisor of l and o?
10
Let c(a) = 6*a**2 - a - 2. Let d be c(-3). Let z = 13 + -8. What is the greatest common factor of d and z?
5
Suppose -2*v = -0*v + 4*y - 336, 3*v + 4*y = 504. Calculate the greatest common factor of v and 24.
24
Let p(y) = 32*y - 1. Let h be p(2). Let r be -4*((-42)/8)/3. Calculate the greatest common divisor of h and r.
7
Let d = 7 - -7. Suppose 0 = 5*p - 0*p - 4*r - 89, 3*p + 3*r - 75 = 0. What is the greatest common divisor of p and d?
7
Suppose n - 24 = 3*i, -i - 3 + 35 = n. Let l(b) = -10*b**3 + b + 1. Let c be l(-1). What is the greatest common factor of n and c?
10
Suppose -4*i + 5*w + 63 = 0, -w - 51 = -i - 3*i. Let h(v) = 10*v. Let t be h(3). Let y be (-104)/(-6) + t/45. Calculate the highest common factor of i and y.
6
Let i be (24/(-14))/((-5)/35). Calculate the highest common divisor of 60 and i.
12
Suppose 34 = 10*y - 46. Let b(m) = m**2 + 5*m + 2. Let z be b(-7). Calculate the highest common divisor of z and y.
8
Let j = 39 - 7. Suppose 0 = -4*b + 2*b + 16. Calculate the highest common factor of b and j.
8
Let l = 5 - 5. Let g be l/3 + 3 + 89. Suppose -g = 6*h - 10*h. Calculate the greatest common divisor of 230 and h.
23
Suppose 39 + 183 = 2*a. What is the highest common factor of a and 74?
37
Let v(z) = 2*z**2 - 11*z + 11. Let f be (8/2)/((-2)/(-4)). Let c be v(f). What is the greatest common divisor of 34 and c?
17
Let l be (-5 - -4)/((-1)/(-3)). Let j(r) = 6*r**2 + 2. Let v be j(l). Calculate the greatest common divisor of v and 14.
14
Let i be (-266)/(-2) - (2 + -4)*1. Calculate the highest common divisor of 45 and i.
45
Let c(l) = -4*l**3 - 13*l**2 - 6*l. Let v be c(-4). Calculate the highest common divisor of v and 9.
9
Let v be (-23 + 22)/((-2)/(18*1)). What is the highest common factor of v and 6?
3
Let w be (-1)/(0 + (-1 - -2)). Let v be (w + (-2)/(-6))*-3. Let p(k) = -7*k + 2. Let f be p(-2). What is the highest common divisor of v and f?
2
Let z = 573 + -392. Suppose -3*b = -71 - z. Let q(k) = -2*k**3 - 4*k**2 + 3. Let f be q(-3). Calculate the highest common divisor of b and f.
21
Let r be 58/6 + (10/6)/5. Calculate the highest common factor of 30 and r.
10
Let s be (-1 + 2)/1 - -7. Let u be (2*4)/(28/70). Calculate the highest common divisor of u and s.
4
Let s be (-98)/(-126) + 2/9. Let v = 12 + -4. What is the greatest common factor of v and s?
1
Let v = 9 - -15. Let b be 1*v*2/(-4). Let i = -6 - b. Calculate the highest common divisor of 66 and i.
6
Let t be ((-298)/(-12) - 3) + 2/12. What is the highest common divisor of t and 198?
22
Suppose -4*y = y - 55. Suppose -4*z + 198 = 5*z. What is the greatest common divisor of z and y?
11
Let y = -20 + 27. What is the greatest common divisor of y and 21?
7
Let y(z) = 89*z + 2. Let o be y(2). Suppose -4*q = -0*q - o. What is the greatest common divisor of 9 and q?
9
Let k be 442/14 + 27/63. What is the greatest common divisor of 8 and k?
8
Let j(f) = 2*f**3 + 3*f**2 + 2*f - 5. Let g be j(-5). Let n = -136 - g. Suppose -n + 164 = 5*k. What is the highest common divisor of k and 11?
11
Let q = -19 - -31. Let v(w) = w**3 - w**2 - w + 2. Let j be v(2). Suppose 4*b = 4, -j*b = a - 124 + 36. What is the greatest common divisor of q and a?
12
Let f(k) = k**3 + 8*k**2 - 5*k - 34. Let u be f(-8). Calculate the high